69232427 a composite number?
False
Is 7526196589 a prime number?
False
Is 6408487 composite?
False
Is 1658451241 a prime number?
False
Is 104001390707 a prime number?
True
Is 9008319167 a prime number?
True
Is 41271253 composite?
False
Is 8102061503 composite?
True
Is 14166651007 a composite number?
True
Is 155284201003 a composite number?
False
Is 55389025807 prime?
True
Is 659350247 composite?
False
Is 2252223763 composite?
False
Is 98833831 composite?
False
Is 2345485171 a composite number?
True
Is 271250153 a prime number?
False
Is 434514947 composite?
False
Is 795048013 a composite number?
False
Is 808561049 prime?
False
Is 29818741463 composite?
True
Is 1936499221 a composite number?
True
Is 6522852101 composite?
True
Is 7661356811 prime?
False
Is 44934821161 composite?
True
Is 50617755913 composite?
True
Is 13433461747 prime?
False
Is 24934290961 a prime number?
False
Is 688480277 a prime number?
False
Is 3466692487 a prime number?
True
Is 26066525783 prime?
False
Is 158816080559 a prime number?
False
Is 159409617667 prime?
True
Is 2864051159 prime?
True
Is 205724447 prime?
False
Is 1473602803 prime?
False
Is 4530048679 a prime number?
False
Is 6477768467 a composite number?
True
Is 18162799867 a prime number?
False
Is 81730769119 a prime number?
True
Is 1330164211 prime?
False
Is 43911534113 composite?
True
Is 9469649377 composite?
False
Is 507974417 prime?
True
Is 38510250109 prime?
True
Is 5513179057 composite?
True
Is 10143903631 prime?
True
Is 6824197249 composite?
True
Is 1656132151 composite?
False
Is 31287457559 prime?
True
Is 7445951813 prime?
True
Is 1099384103 composite?
False
Is 6980522161 prime?
True
Is 7474062707 prime?
False
Is 33669023 prime?
True
Is 11940815863 a prime number?
True
Is 18512523181 composite?
False
Is 406902763805 composite?
True
Is 1274840657 composite?
True
Is 124872823 prime?
False
Is 15103001 a composite number?
True
Is 8367375047 a composite number?
False
Is 1649900674 a prime number?
False
Is 1745979787 composite?
True
Is 281936483 prime?
False
Is 1688254609 composite?
True
Is 1467960619 a composite number?
False
Is 1257755567 a prime number?
False
Is 105202148681 a composite number?
True
Is 317107847 a prime number?
False
Is 147459871 a prime number?
False
Is 159903803 a prime number?
True
Is 14365008703 composite?
False
Is 1458691463 prime?
True
Is 20070803 composite?
False
Is 98331901 a composite number?
False
Is 1936319207 prime?
False
Is 1763582183 a composite number?
True
Is 650626261 composite?
True
Is 1017197249 composite?
True
Is 3685794389 a composite number?
False
Is 4071595441 a composite number?
True
Is 41615297 prime?
False
Is 621666037 a composite number?
True
Is 6392695726 prime?
False
Is 149910847 a prime number?
True
Is 73121069573 a prime number?
True
Is 29728003 composite?
False
Is 246237919 a composite number?
False
Is 1429107289 prime?
True
Is 236025833 prime?
True
Is 32587625621 a composite number?
True
Is 4082318237 a prime number?
False
Is 480212111 composite?
False
Is 1612652383 a composite number?
True
Is 8909766169 a prime number?
True
Is 33590797202 composite?
True
Is 18241031 prime?
True
Is 1623310729 prime?
False
Is 20863434203 composite?
True
Is 1539201449 a prime number?
False
Is 2413981303 prime?
True
Is 89487190495 a composite number?
True
Is 10342654919 a prime number?
True
Is 924760147 a composite number?
False
Is 43377223 a composite number?
False
Is 1362266021 a prime number?
True
Is 98102707 a prime number?
True
Is 4662556133 a prime number?
False
Is 29280071 a composite number?
False
Is 3120835181 composite?
True
Is 21441330073 a composite number?
True
Is 3092027495 a composite number?
True
Is 47690136887 a composite number?
False
Is 303206053 a prime number?
True
Is 5932120133 a prime number?
False
Is 29884282823 prime?
True
Is 12704369423 composite?
False
Is 3739860331 composite?
False
Is 61932031243 prime?
False
Is 164559953 composite?
True
Is 5358441379 a prime number?
False
Is 22573193241 a prime number?
False
Is 16552297 composite?
True
Is 471529843 a prime number?
True
Is 2148517859 prime?
True
Is 2274674821 a prime number?
True
Is 669783659 a composite number?
False
Is 20230526611 a prime number?
True
Is 5496051199 composite?
False
Is 37050473 a composite number?
True
Is 351132973 prime?
False
Is 356225684933 prime?
True
Is 22636387733 composite?
True
Is 6585475443 prime?
False
Is 12617540953 composite?
False
Is 222497117 a prime number?
True
Is 2529521153 prime?
False
Is 28915974487 a prime number?
True
Is 2287136779 composite?
True
Is 27673461089 a composite number?
True
Is 1917797911 a prime number?
True
Is 39779757917 a prime number?
False
Is 636684721 a composite number?
False
Is 13288008829 a composite number?
True
Is 757512967 prime?
False
Is 26695095079 a composite number?
False
Is 2652737717 composite?
True
Is 367536199 prime?
True
Is 16509372109 a prime number?
True
Is 18928009787 a prime number?
True
Is 311369849 a composite number?
True
Is 2403180209 a prime number?
True
Is 19964834059 a prime number?
False
Is 421880905883 a composite number?
False
Is 446417401 a composite number?
False
Is 973038481 prime?
False
Is 5359992557 a composite number?
False
Is 16539880421 a composite number?
True
Is 3911264603 composite?
False
Is 2287216385 a prime number?
False
Is 19374631421 composite?
True
Is 215415691 prime?
False
Is 27080223221 a prime number?
True
Is 1234927149 a composite number?
True
Is 1071335611 prime?
True
Is 201164525957 a prime number?
True
Is 1440532243 a prime number?
True
Is 2151907903 prime?
True
Is 24376584679 a prime number?
False
Is 847906383 composite?
True
Is 434182987 prime?
False
Is 39399847 a prime number?
True
Is 1215154921 composite?
False
Is 25704906593 composite?
True
Is 2369194211 a composite number?
True
Is 961917571 a composite number?
True
Is 127556581 prime?
True
Is 4233765827 a prime number?
True
Is 888936079 prime?
True
Is 39733619 a composite number?
False
Is 409028569 a composite number?
False
Is 26625134969 prime?
False
Is 14396770907 a prime number?
True
Is 13052773271 a prime number?
True
Is 43210886897 prime?
False
Is 21978701 a prime number?
True
Is 370442269 composite?
False
Is 2455074821 a prime number?
True
Is 2131562737 composite?
False
Is 13272575581 a composite number?
True
Is 130782851 a prime number?
False
Is 1764963911 composite?
False
Is 8779902541 composite?
False
Is 4519642501 a composite number?
True
Is 2080820107 a composite number?
False
Is 540044207 composite?
False
Is 119563511 a prime number?
True
Is 35731675081 a prime number?
True
Is 17752506617 a prime number?
False
Is 585032489 a composite number?
False
Is 2215647977 a composite number?
False
Is 2485336339 a composite number?
True
Is 60426391 a prime number?
False
Is 11118406913 prime?
True
Is 1514299351 composite?
True
Is 26638758547 prime?
False
Is 2768893 a composite number?
False
Is 161911 a prime number?
True
Is 472041722281 a prime number?
True
Is 701764517 prime?
True
Is 878581511 a prime number?
False
Is 80515135163 composite?
False
Is 2040747493 prime?
True
Is 4531132013 composite?
True
Is 23392888183 a prime number?
False
Is 69877097 composite?
True
Is 264259181 prime?
False
Is 263861239 a composite number?
False
Is 93549800095 a composite number?
True
Is 690634949 a composite number?
True
Is 1453457149 a prime number?
True
Is 3811172291 a prime number?
True
Is 5916916501 prime?
False
Is 6809883259 a composite number?
True
Is 1292025461 composite?
False
Is 350628409 a composite number?
False
Is 294942821 prime?
False
Is 23426945173 a prime number?
True
Is 17931887923 a composite number?
True
Is 1450508627 a composite number?
False
Is 2588207869 prime?
False
Is 369575743 composite?
True
Is 38122767671 prime?
False
Is 175538899 a prime number?
False
Is 147679417313 a prime number?
False
Is 2989674313 a composite number?
False
Is 41546639 a prime number?
True
Is 712247803 prime?
True
Is 17660517781 composite?
True
Is 689637379 composite?
False
Is 327018824663 a prime number?
True
Is 44772059 composite?
True
Is 6559084186 a prime number?
False
Is 18803323681 composite?
True
Is 8438769227 a prime number?
False
Is 163784325863 a prime number?
False
Is 10087472891 composite?
False
Is 1985625883 composite?
False
Is 353468676